{"id":9168,"date":"2024-11-12T17:08:57","date_gmt":"2024-11-12T17:08:57","guid":{"rendered":"https:\/\/www.agriturismocapasquin.it\/?page_id=9168"},"modified":"2024-11-12T17:08:57","modified_gmt":"2024-11-12T17:08:57","slug":"before-and-after","status":"publish","type":"page","link":"https:\/\/www.agriturismocapasquin.it\/it\/before-and-after\/","title":{"rendered":"Before and after"},"content":{"rendered":"<div class=\"vc_row wpb_row vc_row-fluid vc_custom_1672485653579 vc_row-has-fill\"><div class=\"wpb_column vc_column_container vc_col-sm-12\"><div class=\"vc_column-inner\"><div class=\"wpb_wrapper\"><div class=\"vc_empty_space\"   style=\"height: 50px\"><span class=\"vc_empty_space_inner\"><\/span><\/div><\/div><\/div><\/div><\/div><div class=\"vc_row wpb_row vc_row-fluid vc_custom_1675699381227 vc_row-has-fill vc_row-o-equal-height vc_row-flex\"><div class=\"wpb_column vc_column_container vc_col-sm-8\"><div class=\"vc_column-inner vc_custom_1675699336017\"><div class=\"wpb_wrapper\"><h2 style=\"text-align: left\" class=\"vc_custom_heading\" >Agriturismo Ca\u2019 Pasquin<\/h2><div class=\"vc_empty_space\"   style=\"height: 20px\"><span class=\"vc_empty_space_inner\"><\/span><\/div>\n\t<div class=\"wpb_text_column wpb_content_element  vc_custom_1703428235127\" >\n\t\t<div class=\"wpb_wrapper\">\n\t\t\t<p>Ca' Pasquin \u00e8 un agriturismo immerso nella natura delle colline Astigiane del Piemonte. Da Ca' Pasquin si pu\u00f2 godere di una vista suggestiva del borgo di Roccaverano, e, in giornate schiarite, delle Alpi dal Monviso al Matterhorn, perfino la Via Lattea. Quest'anno apriamo con tre appartamenti.<\/p>\n\n\t\t<\/div>\n\t<\/div>\n<div class=\"vc_empty_space\"   style=\"height: 20px\"><span class=\"vc_empty_space_inner\"><\/span><\/div><\/div><\/div><\/div><div class=\"wpb_column vc_column_container vc_col-sm-4\"><div class=\"vc_column-inner\"><div class=\"wpb_wrapper\"><div class=\"vc_empty_space\"   style=\"height: 30px\"><span class=\"vc_empty_space_inner\"><\/span><\/div><div class=\"vc_empty_space\"   style=\"height: 30px\"><span class=\"vc_empty_space_inner\"><\/span><\/div><\/div><\/div><\/div><\/div><div class=\"vc_row wpb_row vc_row-fluid vc_custom_1672485726603 vc_row-has-fill\"><div class=\"wpb_column vc_column_container vc_col-sm-4\"><div class=\"vc_column-inner\"><div class=\"wpb_wrapper\"><div class=\"vc_icon_element vc_icon_element-outer vc_icon_element-align-left\"><div class=\"vc_icon_element-inner vc_icon_element-color-custom vc_icon_element-size-md vc_icon_element-style- vc_icon_element-background-color-grey\" ><span class=\"vc_icon_element-icon fas fa-mountain\" style=\"color: !important\"><\/span><\/div><\/div>\n\t<div class=\"wpb_text_column wpb_content_element\" >\n\t\t<div class=\"wpb_wrapper\">\n\t\t\t<p>Dodici acri<br \/>\nLa natura regna sovrana a C\u00e0 Pasquin: coltiviamo diversi tipi di frutta e verdura e si sono piantati sempreverdi e alberi da frutto da aggiungere ai numerosi fichi, ciliegi, meli, prugni e fiori di sambuco. Senza contare i nostri amici animali: gatti, tre cani tanto grandi quanto buoni, conigli, e  galline. Tutto questo con l'obiettivo di ripristinare l'antico splendore originale di Ca' Pasquin aiutandoci con i ricordi di locali e fotografie d'epoca.<\/p>\n\n\t\t<\/div>\n\t<\/div>\n<\/div><\/div><\/div><div class=\"wpb_column vc_column_container vc_col-sm-4\"><div class=\"vc_column-inner\"><div class=\"wpb_wrapper\"><div class=\"vc_icon_element vc_icon_element-outer vc_icon_element-align-left\"><div class=\"vc_icon_element-inner vc_icon_element-color-custom vc_icon_element-size-md vc_icon_element-style- vc_icon_element-background-color-grey\" ><span class=\"vc_icon_element-icon fas fa-home\" style=\"color: !important\"><\/span><\/div><\/div>\n\t<div class=\"wpb_text_column wpb_content_element\" >\n\t\t<div class=\"wpb_wrapper\">\n\t\t\t<p>La struttura<br \/>\nIn 2022 zijn wij &#8211; Femke en Bart plus onze twee kinderen, Luca (6) en Nero (3) &#8211; hier neergestreken. Beiden met een enorme liefde voor alles wat met goed eten en drinken te maken heeft, wilden we graag in het hart van waar al het goede vandaan komt wonen. Bijna twee jaar hebben we gebruikt om de eerste gedeeltes van de boerderij op te knappen. Ons woonhuis en de drie bestaande appartementen zijn volledig gerenoveerd. De oude stal hebben we omgebouwd tot appartement \u201cIl Rifugio\u201d. Vanaf de zomer 2024 hebben we een ruim opzetzwembad waar je heerlijk in kunt afkoelen. We zijn\u00a0 even bezig geweest met een plek vinden en erna maken tot een bestemming waar wij zelf ook graag naar toe zouden willen gaan om vakantie te vieren, en volgens ons is dat gelukt!<\/p>\n\n\t\t<\/div>\n\t<\/div>\n<\/div><\/div><\/div><div class=\"wpb_column vc_column_container vc_col-sm-4\"><div class=\"vc_column-inner\"><div class=\"wpb_wrapper\"><div class=\"vc_icon_element vc_icon_element-outer vc_icon_element-align-left\"><div class=\"vc_icon_element-inner vc_icon_element-color-custom vc_icon_element-size-md vc_icon_element-style- vc_icon_element-background-color-grey\" ><span class=\"vc_icon_element-icon fab fa-pagelines\" style=\"color: !important\"><\/span><\/div><\/div>\n\t<div class=\"wpb_text_column wpb_content_element\" >\n\t\t<div class=\"wpb_wrapper\">\n\t\t\t<p>Foreste<br \/>\nL'aerea \u00e8 ricca di natura selvaggia dove poter passeggiare ed esplorare i campi aperti dove il panorama non mancher\u00e0 di togliervi il fiato mentre completamente assorbiti dalla pace e dalla tranquillit\u00e0 circostante. Il nostro impegno \u00e8 quello di aumentare la biodiversit\u00e0 e, laddove possibile, lasciare che la natura regni incontrastata. Passeggiando, non \u00e8 raro incrociare cervi, cinghiali, tassi, salamandre pezzate, lombrichi, mantide religiose. E stimolare i sensi con la vista e il profumo di orchidee selvagge, fiori selvatici, farfalle, e tramonti che rimarranno impressi nella vostra mente a lungo dopo il rientro.<\/p>\n\n\t\t<\/div>\n\t<\/div>\n<\/div><\/div><\/div><\/div><div class=\"vc_row wpb_row vc_row-fluid vc_custom_1667555033213 vc_row-has-fill\"><div class=\"wpb_column vc_column_container vc_col-sm-2\"><div class=\"vc_column-inner\"><div class=\"wpb_wrapper\"><div class=\"vc_empty_space\"   style=\"height: 50px\"><span class=\"vc_empty_space_inner\"><\/span><\/div><\/div><\/div><\/div><div class=\"wpb_column vc_column_container vc_col-sm-8\"><div class=\"vc_column-inner\"><div class=\"wpb_wrapper\"><div class=\"vc_icon_element vc_icon_element-outer vc_icon_element-align-left\"><div class=\"vc_icon_element-inner vc_icon_element-color-custom vc_icon_element-size-md vc_icon_element-style- vc_icon_element-background-color-grey\" ><span class=\"vc_icon_element-icon fas fa-fast-forward\" style=\"color: !important\"><\/span><\/div><\/div>\n\t<div class=\"wpb_text_column wpb_content_element  vc_custom_1712774530137\" >\n\t\t<div class=\"wpb_wrapper\">\n\t\t\t<p>Il futuro<br \/>\nProgetti per il futuro, s\u00ec, certamente ce ne sono!\nUtilizzeremo i prossimi anni per ristrutturare gli edifici rimanenti e vogliamo riportare i terreni e la foresta al loro antico splendore.<br \/>\nProgetti per il futuro, s\u00ec, certamente ce ne sono!\nUtilizzeremo i prossimi anni per ristrutturare gli edifici rimanenti e vogliamo riportare i terreni e la foresta al loro antico splendore.<\/p>\n\n\t\t<\/div>\n\t<\/div>\n<div class=\"vc_empty_space\"   style=\"height: 50px\"><span class=\"vc_empty_space_inner\"><\/span><\/div><\/div><\/div><\/div><div class=\"wpb_column vc_column_container vc_col-sm-2\"><div class=\"vc_column-inner\"><div class=\"wpb_wrapper\"><\/div><\/div><\/div><\/div><div class=\"vc_row wpb_row vc_row-fluid vc_row-o-equal-height vc_row-flex\"><div class=\"wpb_column vc_column_container vc_col-sm-8\"><div class=\"vc_column-inner\"><div class=\"wpb_wrapper\"><h2 style=\"text-align: left\" class=\"vc_custom_heading\" >Google Maps<\/h2><div class=\"wpb_gmaps_widget wpb_content_element\"><div class=\"wpb_wrapper\"><div class=\"wpb_map_wraper\"><iframe src=\"https:\/\/www.google.com\/maps\/embed?pb=!1m14!1m12!1m3!1d779.7748312695758!2d8.29769202966008!3d44.60786866832135!2m3!1f0!2f0!3f0!3m2!1i1024!2i768!4f13.1!5e0!3m2!1snl!2sit!4v1673799864631!5m2!1snl!2sit\" width=\"600\" height=\"300\" style=\"border:0;\" allowfullscreen=\"\" loading=\"lazy\" referrerpolicy=\"no-referrer-when-downgrade\"><\/iframe><\/div><\/div><\/div><\/div><\/div><\/div><div class=\"wpb_column vc_column_container vc_col-sm-4\"><div class=\"vc_column-inner\"><div class=\"wpb_wrapper\"><h2 style=\"text-align: left\" class=\"vc_custom_heading\" >What3Words<\/h2>\n\t<div class=\"wpb_text_column wpb_content_element\" >\n\t\t<div class=\"wpb_wrapper\">\n\t\t\t<iframe loading=\"lazy\" width=\"450\" height=\"300\" src=\"https:\/\/w3w.co\/druivenpit.schenk.molecuul\"><\/iframe>\n\n\t\t<\/div>\n\t<\/div>\n<\/div><\/div><\/div><\/div>","protected":false},"excerpt":{"rendered":"Agriturismo Ca\u2019 Pasquin Ca\u2019 Pasquin is een kleinschalige Agriturismo in de heuvels van de Langa Astigiana in Piemonte, het noord-westen van Itali\u00eb. De Agriturismo kijkt &hellip;","protected":false},"author":2,"featured_media":0,"parent":0,"menu_order":0,"comment_status":"closed","ping_status":"closed","template":"","meta":{"_monsterinsights_skip_tracking":false,"_monsterinsights_sitenote_active":false,"_monsterinsights_sitenote_note":"","_monsterinsights_sitenote_category":0,"_uf_show_specific_survey":0,"_uf_disable_surveys":false,"footnotes":""},"class_list":["post-9168","page","type-page","status-publish","hentry"],"aioseo_notices":[],"_links":{"self":[{"href":"https:\/\/www.agriturismocapasquin.it\/it\/wp-json\/wp\/v2\/pages\/9168","targetHints":{"allow":["GET"]}}],"collection":[{"href":"https:\/\/www.agriturismocapasquin.it\/it\/wp-json\/wp\/v2\/pages"}],"about":[{"href":"https:\/\/www.agriturismocapasquin.it\/it\/wp-json\/wp\/v2\/types\/page"}],"author":[{"embeddable":true,"href":"https:\/\/www.agriturismocapasquin.it\/it\/wp-json\/wp\/v2\/users\/2"}],"replies":[{"embeddable":true,"href":"https:\/\/www.agriturismocapasquin.it\/it\/wp-json\/wp\/v2\/comments?post=9168"}],"version-history":[{"count":4,"href":"https:\/\/www.agriturismocapasquin.it\/it\/wp-json\/wp\/v2\/pages\/9168\/revisions"}],"predecessor-version":[{"id":9172,"href":"https:\/\/www.agriturismocapasquin.it\/it\/wp-json\/wp\/v2\/pages\/9168\/revisions\/9172"}],"wp:attachment":[{"href":"https:\/\/www.agriturismocapasquin.it\/it\/wp-json\/wp\/v2\/media?parent=9168"}],"curies":[{"name":"wp","href":"https:\/\/api.w.org\/{rel}","templated":true}]}}

<div class="vc_row wpb_row vc_row-fluid vc_custom_1672485653579 vc_row-has-fill"><div class="wpb_column vc_column_container vc_col-sm-12"><div class="vc_column-inner"><div class="wpb_wrapper"><div class="vc_empty_space"   style="height: 50px"><span class="vc_empty_space_inner"></span></div></div></div></div></div><div class="vc_row wpb_row vc_row-fluid vc_custom_1675699381227 vc_row-has-fill vc_row-o-equal-height vc_row-flex"><div class="wpb_column vc_column_container vc_col-sm-8"><div class="vc_column-inner vc_custom_1675699336017"><div class="wpb_wrapper"><h2 style="text-align: left" class="vc_custom_heading" >Agriturismo Ca’ Pasquin</h2><div class="vc_empty_space"   style="height: 20px"><span class="vc_empty_space_inner"></span></div>
	<div class="wpb_text_column wpb_content_element  vc_custom_1703428235127" >
		<div class="wpb_wrapper">
			<p>Ca' Pasquin è un agriturismo immerso nella natura delle colline Astigiane del Piemonte. Da Ca' Pasquin si può godere di una vista suggestiva del borgo di Roccaverano, e, in giornate schiarite, delle Alpi dal Monviso al Matterhorn, perfino la Via Lattea. Quest'anno apriamo con tre appartamenti.</p>

		</div>
	</div>
<div class="vc_empty_space"   style="height: 20px"><span class="vc_empty_space_inner"></span></div></div></div></div><div class="wpb_column vc_column_container vc_col-sm-4"><div class="vc_column-inner"><div class="wpb_wrapper"><div class="vc_empty_space"   style="height: 30px"><span class="vc_empty_space_inner"></span></div><div class="vc_empty_space"   style="height: 30px"><span class="vc_empty_space_inner"></span></div></div></div></div></div><div class="vc_row wpb_row vc_row-fluid vc_custom_1672485726603 vc_row-has-fill"><div class="wpb_column vc_column_container vc_col-sm-4"><div class="vc_column-inner"><div class="wpb_wrapper"><div class="vc_icon_element vc_icon_element-outer vc_icon_element-align-left"><div class="vc_icon_element-inner vc_icon_element-color-custom vc_icon_element-size-md vc_icon_element-style- vc_icon_element-background-color-grey" ><span class="vc_icon_element-icon fas fa-mountain" style="color: !important"></span></div></div>
	<div class="wpb_text_column wpb_content_element" >
		<div class="wpb_wrapper">
			<p>Dodici acri<br />
La natura regna sovrana a Cà Pasquin: coltiviamo diversi tipi di frutta e verdura e si sono piantati sempreverdi e alberi da frutto da aggiungere ai numerosi fichi, ciliegi, meli, prugni e fiori di sambuco. Senza contare i nostri amici animali: gatti, tre cani tanto grandi quanto buoni, conigli, e  galline. Tutto questo con l'obiettivo di ripristinare l'antico splendore originale di Ca' Pasquin aiutandoci con i ricordi di locali e fotografie d'epoca.</p>

		</div>
	</div>
</div></div></div><div class="wpb_column vc_column_container vc_col-sm-4"><div class="vc_column-inner"><div class="wpb_wrapper"><div class="vc_icon_element vc_icon_element-outer vc_icon_element-align-left"><div class="vc_icon_element-inner vc_icon_element-color-custom vc_icon_element-size-md vc_icon_element-style- vc_icon_element-background-color-grey" ><span class="vc_icon_element-icon fas fa-home" style="color: !important"></span></div></div>
	<div class="wpb_text_column wpb_content_element" >
		<div class="wpb_wrapper">
			<p>La struttura<br />
In 2022 zijn wij &#8211; Femke en Bart plus onze twee kinderen, Luca (6) en Nero (3) &#8211; hier neergestreken. Beiden met een enorme liefde voor alles wat met goed eten en drinken te maken heeft, wilden we graag in het hart van waar al het goede vandaan komt wonen. Bijna twee jaar hebben we gebruikt om de eerste gedeeltes van de boerderij op te knappen. Ons woonhuis en de drie bestaande appartementen zijn volledig gerenoveerd. De oude stal hebben we omgebouwd tot appartement “Il Rifugio”. Vanaf de zomer 2024 hebben we een ruim opzetzwembad waar je heerlijk in kunt afkoelen. We zijn  even bezig geweest met een plek vinden en erna maken tot een bestemming waar wij zelf ook graag naar toe zouden willen gaan om vakantie te vieren, en volgens ons is dat gelukt!</p>

		</div>
	</div>
</div></div></div><div class="wpb_column vc_column_container vc_col-sm-4"><div class="vc_column-inner"><div class="wpb_wrapper"><div class="vc_icon_element vc_icon_element-outer vc_icon_element-align-left"><div class="vc_icon_element-inner vc_icon_element-color-custom vc_icon_element-size-md vc_icon_element-style- vc_icon_element-background-color-grey" ><span class="vc_icon_element-icon fab fa-pagelines" style="color: !important"></span></div></div>
	<div class="wpb_text_column wpb_content_element" >
		<div class="wpb_wrapper">
			<p>Foreste<br />
L'aerea è ricca di natura selvaggia dove poter passeggiare ed esplorare i campi aperti dove il panorama non mancherà di togliervi il fiato mentre completamente assorbiti dalla pace e dalla tranquillità circostante. Il nostro impegno è quello di aumentare la biodiversità e, laddove possibile, lasciare che la natura regni incontrastata. Passeggiando, non è raro incrociare cervi, cinghiali, tassi, salamandre pezzate, lombrichi, mantide religiose. E stimolare i sensi con la vista e il profumo di orchidee selvagge, fiori selvatici, farfalle, e tramonti che rimarranno impressi nella vostra mente a lungo dopo il rientro.</p>

		</div>
	</div>
</div></div></div></div><div class="vc_row wpb_row vc_row-fluid vc_custom_1667555033213 vc_row-has-fill"><div class="wpb_column vc_column_container vc_col-sm-2"><div class="vc_column-inner"><div class="wpb_wrapper"><div class="vc_empty_space"   style="height: 50px"><span class="vc_empty_space_inner"></span></div></div></div></div><div class="wpb_column vc_column_container vc_col-sm-8"><div class="vc_column-inner"><div class="wpb_wrapper"><div class="vc_icon_element vc_icon_element-outer vc_icon_element-align-left"><div class="vc_icon_element-inner vc_icon_element-color-custom vc_icon_element-size-md vc_icon_element-style- vc_icon_element-background-color-grey" ><span class="vc_icon_element-icon fas fa-fast-forward" style="color: !important"></span></div></div>
	<div class="wpb_text_column wpb_content_element  vc_custom_1712774530137" >
		<div class="wpb_wrapper">
			<p>Il futuro<br />
Progetti per il futuro, sì, certamente ce ne sono!
Utilizzeremo i prossimi anni per ristrutturare gli edifici rimanenti e vogliamo riportare i terreni e la foresta al loro antico splendore.<br />
Progetti per il futuro, sì, certamente ce ne sono!
Utilizzeremo i prossimi anni per ristrutturare gli edifici rimanenti e vogliamo riportare i terreni e la foresta al loro antico splendore.</p>

		</div>
	</div>
<div class="vc_empty_space"   style="height: 50px"><span class="vc_empty_space_inner"></span></div></div></div></div><div class="wpb_column vc_column_container vc_col-sm-2"><div class="vc_column-inner"><div class="wpb_wrapper"></div></div></div></div><div class="vc_row wpb_row vc_row-fluid vc_row-o-equal-height vc_row-flex"><div class="wpb_column vc_column_container vc_col-sm-8"><div class="vc_column-inner"><div class="wpb_wrapper"><h2 style="text-align: left" class="vc_custom_heading" >Google Maps</h2><div class="wpb_gmaps_widget wpb_content_element"><div class="wpb_wrapper"><div class="wpb_map_wraper"><iframe src="https://www.google.com/maps/embed?pb=!1m14!1m12!1m3!1d779.7748312695758!2d8.29769202966008!3d44.60786866832135!2m3!1f0!2f0!3f0!3m2!1i1024!2i768!4f13.1!5e0!3m2!1snl!2sit!4v1673799864631!5m2!1snl!2sit" width="600" height="300" style="border:0;" allowfullscreen="" loading="lazy" referrerpolicy="no-referrer-when-downgrade"></iframe></div></div></div></div></div></div><div class="wpb_column vc_column_container vc_col-sm-4"><div class="vc_column-inner"><div class="wpb_wrapper"><h2 style="text-align: left" class="vc_custom_heading" >What3Words</h2>
	<div class="wpb_text_column wpb_content_element" >
		<div class="wpb_wrapper">
			<iframe loading="lazy" width="450" height="300" src="https://w3w.co/druivenpit.schenk.molecuul"></iframe>

		</div>
	</div>
</div></div></div></div>

Agriturismo Ca’ Pasquin Ca’ Pasquin is een kleinschalige Agriturismo in de heuvels van de Langa Astigiana in Piemonte, het noord-westen van Italië. De Agriturismo kijkt &hellip;
